 10 = 0, 2*c - d = d - 2. Suppose 0 = q - c*r - 28, 2*r = 4*q - 28 - 14. Calculate the remainder when 30 is divided by q.
6
Suppose 48 = -8*i + 808. Calculate the remainder when i is divided by 14.
11
Suppose -v - 4 = 5*j - 17, -5*j = 4*v - 82. Let u = v - 10. What is the remainder when 38 is divided by u?
12
Suppose b + 0 = -4. Let o(s) = -s**2 + 6*s + 2. Let f be o(b). What is the remainder when 3/1*f/(-3) is divided by 13?
12
Let z(b) = -5*b + 3. Let x be z(7). Let k = 46 + x. Calculate the remainder when k is divided by 5.
4
Let h(z) = -z + 100. Let r be h(0). Suppose 5*i = 5*q - r, -4*i - 38 = -2*q - 0*q. Let m = 576 + -536. What is the remainder when m is divided by q?
19
Suppose -p = -5*p - 4*l + 48, p - 4 = -5*l. Calculate the remainder when 26 is divided by p.
12
Suppose 38*k - 41*k + 36 = 0. Calculate the remainder when 57 is divided by k.
9
Let o = 20 - 5. What is the remainder when 43 is divided by o?
13
Let g = -12 + 25. What is the remainder when g is divided by 3?
1
Suppose -56 = -3*l + 2*h, -4*l - 2*h + h + 60 = 0. Calculate the remainder when 78 is divided by l.
14
Suppose v = 3*s + 80, -2*v + 0*s = 2*s - 144. Suppose 0 = -3*y - 2*a + v, -3*y + 3*a = -99 + 15. Calculate the remainder when 51 is divided by y.
25
Let u = 69 + -28. What is the remainder when 79 is divided by u?
38
Suppose 3*o - 1 = 3*d + 32, 4*d + 4 = -o. Suppose 2*m - m - 15 = 0. Suppose -2*h + 14 = u - 18, 0 = 3*h - m. What is the remainder when u is divided by o?
6
Suppose -3*a + a = o - 15, -5*o - 3*a = -68. Suppose 2*m + 252 = 5*t + 6, -5*m = -3*t + 140. Calculate the remainder when t is divided by o.
11
Let a be -11 + -1 + 1 - 1. Let k = 3 - a. What is the remainder when ((-1)/8*-4)/((-2)/(-116)) is divided by k?
14
Let s(d) = -2*d**2 - 4*d + 12. Let h be s(-5). Suppose 3 = 2*u + 3*q + 10, 4*q + 40 = 5*u. What is the remainder when 5 is divided by ((-4)/6)/(u/h)?
2
What is the remainder when 48 is divided by 40/6*12/8?
8
Let q(a) = -2*a - 18. Let y(w) = -6*w - 53. Let z(m) = 8*q(m) - 3*y(m). Suppose 54 = 2*n + n. Calculate the remainder when n is divided by z(-5).
3
Suppose -3*d + 1 = -11. Suppose 3*x - d*r = -50, 5*x + 4*r + 64 = r. Calculate the remainder when 47 is divided by 4/x - (-114)/7.
15
Suppose -4*p + x + 45 = -0*p, 0 = -5*p - x + 63. Let g be 4/14 + 24/14. Suppose j + 2 = -j, g*j = -5*o + 173. What is the remainder when o is divided by p?
11
Suppose -5*b + 0*s + 115 = 2*s, -5*b = 3*s - 115. Calculate the remainder when b is divided by 4.
3
Suppose 25 + 50 = 5*w. Let y(k) = k**3 - k**2 - k + 43. Calculate the remainder when y(0) is divided by w.
13
What is the remainder when 8229/52 + (-9)/(-12) + -1 is divided by 40?
38
Let d(x) = x**2 + 6*x + 11. Calculate the remainder when 29 is divided by d(-4).
2
Suppose -9 = s - 42. What is the remainder when s is divided by 8?
1
Let l(t) = -4*t + 4. Let a be 4/(-4) - (3 + -1). Let i = -11 + 20. Calculate the remainder when l(a) is divided by i.
7
Let f be ((-29)/(-3))/((-4)/(-12)). Suppose -w - f = -2*w. What is the remainder when w is divided by 10?
9
Suppose -2*x = 2*l - 14, 3*l - 3*x = -3 - 0. Let o(c) = 4 - 3*c + 2*c - 2. What is the remainder when o(-6) is divided by l?
2
Let b(g) = 2*g + 2. Let y be b(3). Let d be (-3 - 0)/((-6)/y). What is the remainder when 4 is divided by d/(3/((-6)/(-4)))?
0
Let z(f) = f + 1. What is the remainder when 24 is divided by z(7)?
0
Suppose -a + 5 = -2*w - 26, 3*a = -4*w + 133. Suppose 0*i + 20 = 2*i. What is the remainder when a is divided by i?
9
Suppose 787 = 4*h + 187. Let s = h + -107. Calculate the remainder when s is divided by 11.
10
Let h = 44 + -17. What is the remainder when h is divided by 10?
7
Suppose -2*d = -7 - 85. Suppose 12 = 3*s - 2*s. Calculate the remainder when d is divided by s.
10
Let a(f) = f + 3. Suppose -3*v + 4 = -2*v. Let y be a(v). Suppose -2*x + b + y = -x, -4 = 3*x + 2*b. Calculate the remainder when 5 is divided by x.
1
Suppose 5*y + 8 - 138 = 0. Calculate the remainder when 77 is divided by y.
25
Suppose 234 = 8*t - 78. What is the remainder when t is divided by 20?
19
Let f = 58 - 48. Calculate the remainder when 12 is divided by f.
2
Suppose -1 = x - 4*t, 3*x = -2*x + t + 14. What is the remainder when ((17 - -1)/x)/2 is divided by 1?
0
Let s = 32 + -10. Suppose q - s = -7. Calculate the remainder when 71 is divided by (2/10 - -1)*q.
17
Suppose -x = 4*x - 10. Suppose x*h = 6*h - 16. Calculate the remainder when h is divided by 3.
1
Suppose 69*w = 85*w - 224. Let f(q) = -q**3 - 2*q**2 + 7*q + 1. Let v be 16/(-3) + 2/6. What is the remainder when f(v) is divided by w?
13
Let v(q) = q**2 - 11*q + 14. Let a(n) = -3*n - 2. Calculate the remainder when a(-3) is divided by v(10).
3
Let q be (-2 + -3)*(-88)/20. Suppose -h - 7 = -q. Calculate the remainder when 29 is divided by h.
14
Let b(z) = 2*z**2 + 7*z - 6. Let c be b(-7). Let u = c - 24. Calculate the remainder when u is divided by 10.
9
What is the remainder when 29 is divided by 5*6*(-1 + (-12)/(-8))?
14
Let l = 20 - 17. Suppose -33 = -l*s + 9. Calculate the remainder when 67 is divided by s.
11
Suppose 0 = -4*u + 8*u - 68. What is the remainder when u is divided by 8?
1
Let o = -109 - -121. What is the remainder when 57 is divided by o?
9
Let w = -5 + 14. Let y(k) be the third derivative of 17*k**4/24 - k**3/6 + k**2. What is the remainder when y(1) is divided by w?
7
Suppose o = -2*r + 34 + 61, -3*r + 3*o + 165 = 0. What is the remainder when r is divided by 13?
11
Let s be (32/20)/(1/70). Suppose 3*l + 36 = a, -8*a - 2*l + s = -3*a. Calculate the remainder when a is divided by 13.
11
Let f(t) = -t**2 - 13*t - 10. Let h(n) = -2*n**3 + 2*n**2 - 2*n + 1. Let m be h(2). What is the remainder when 34 is divided by f(m)?
10
Let b = 18 - 17. Let i(u) be the second derivative of u**3/6 - 2*u**2 - 3*u. Calculate the remainder when i(7) is divided by b.
0
Suppose -4*l = -104 + 64. Calculate the remainder when 29 is divided by l.
9
Suppose -409 = -2*y - k, -4*y = -3*y + 4*k - 215. Calculate the remainder when y is divided by 34.
33
Suppose -18 = -2*p - 4. What is the remainder when p is divided by 2?
1
Suppose -5*w + 10*w = -10, -4*i + 8 = 4*w. Let a = i - -9. Suppose -4*j + 0*j = -3*x - 91, -4*j - x = -103. Calculate the remainder when j is divided by a.
12
Suppose i + 4 + 77 = 5*c, -i + 55 = 3*c. Suppose 5 - c = -4*f. What is the remainder when 5 is divided by f?
2
Let w = -3 - -3. Suppose w = k - 3*k + 16. Let n = k + -6. What is the remainder when 2 is divided by n?
0
Suppose -h = -0*v - v + 3, -2*v = -h - 8. Suppose h*b - 108 = -28. Suppose 3*x + b = 7*x. What is the remainder when 29 is divided by x?
9
Let i(g) = 4 + 20 - g - 4. Let v = 22 + -15. What is the remainder when i(0) is divided by v?
6
Let r = 1 - -4. Suppose -5*d + 14 = -4*d. Suppose -3*h + d = 4*k, 0*h = -4*h + 4*k. Calculate the remainder when r is divided by h.
1
Let a = 5 - 3. Suppose 2*t - a*c - 28 = 0, 32 = -0*t + 4*t + 4*c. Let o(j) = j**3 - 4*j**2 - 8*j - 4. What is the remainder when o(6) is divided by t?
9
Suppose 4 + 10 = 2*y. Calculate the remainder when 33 is divided by y.
5
Suppose -5*h - 3*i + 87 = 0, -3*i = 2*i - 20. What is the remainder when h is divided by 8?
7
Let c(s) = -38*s**3 - 1. Let z(n) = n + 1. Let f be z(1). Let d = 11 + f. What is the remainder when c(-1) is divided by d?
11
Suppose 0 = 5*c - 0 - 25. Let o be 70/3*6/c. Suppose 2*f - 4*a - o = 12, -5*f = 3*a - 113. Calculate the remainder when f is divided by 6.
4
Let p = -3 - -1. Let m = 12 - 18. Calculate the remainder when 2 is divided by (3/m)/(p/4).
0
Calculate the remainder when 20 is divided by ((-44)/(-8))/((-1)/(-2)).
9
Suppose 2*h + 22 = 38. What is the remainder when 31 is divided by h?
7
Let a be 4/(-10) + 96/15. Let i(z) = 2*z + 6. What is the remainder when 34 is divided by i(a)?
16
Let z(k) = k**3 - 3*k**2 - 7*k + 5. Let b be z(5). Calculate the remainder when (3 - -29) + (1 - 2) is divided by (4/(-5))/((-1)/b).
15
Let d = 290 + -101. Calculate the remainder when d is divided by 48.
45
Let y(t) = -t**2 - 15*t - 16. Calculate the remainder when 37 is divided by y(-12).
17
Suppose 5*x = -0*x + 115. What is the remainder when 89 is divided by x?
20
Suppose -2*k + 5*u + 52 = 0, -5*u = -4*k - 3*u + 72. What is the remainder when k